k(c) be the first derivative of t(c). Give k(-7).
4
Let p be 4/(-26) - (-162)/39. Suppose 3*t = 2 + p. Let d(m) = 6*m - 3. Let c(u) = -11*u + 6. Let s(i) = -3*c(i) - 7*d(i). Determine s(t).
-15
Let b(z) = z - 23. Let y(s) = s**3 + 24*s**2 + 116*s - 41. Let o be y(-17). What is b(o)?
-13
Let v(b) = 5*b + 0 - 4 - 2 - 6*b. Suppose -15 = 4*p + 9. Determine v(p).
0
Let z(b) = -10625*b**3 - 8 + 10626*b**3 - 7*b**2 - 1 - 8*b. Determine z(8).
-9
Let h(j) = -j**3 + 11*j**2 - 9*j + 1. Let k(f) = -f - f - f**2 + 3*f. Let g = 48 - 49. Let l(t) = g*h(t) - 4*k(t). Give l(6).
-7
Suppose 2*d + t = 0, t + 8 = 3*t. Let y = -3 - d. Let r(l) = -652*l**2 - 647*l**2 + 1299*l**2 - l - 2*l**3. What is r(y)?
3
Let q = 643 + -649. Let k(u) = 6*u + 42. Calculate k(q).
6
Let n(x) = 3*x. Let h(f) = f**3 - 22*f**2 - 26*f + 72. Let p be h(23). Calculate n(p).
9
Let m be -6*1*(-1 - 0). Let h = 21 + -12. Suppose m*t = 3*t + h. Let g(b) = -3*b + 4. Give g(t).
-5
Let n(r) = 5*r + 7. Suppose -34 - 31 = -13*d. What is n(d)?
32
Let a(l) = 2*l - 2. Let t be (-3 - (-1 - -1))/(-1). Suppose -t*m + 13 - 100 = -5*f, -5*m = 2*f - 10. Suppose f = 4*c - 5. Determine a(c).
8
Suppose 266 = 6*k + 224. Let g(o) = -o**3 + 8*o**2 - 5*o - 3. Determine g(k).
11
Let w = 1 - 6. Let v(f) = -3*f**2 - 15*f - 21. Let b(r) = -r**2 - 5*r - 7. Let y(z) = -17*b(z) + 6*v(z). Give y(w).
-7
Let q(g) = g**2 + 7*g + 2. Let z be q(-7). Suppose 0*k - z*k = 12. Let i(u) = u**3 - 5 + 5*u**2 - 8*u + u**2 - u**2. Determine i(k).
7
Let g = 344 - 340. Let y(q) = -q**2 - 3*q - 4. Calculate y(g).
-32
Let g(o) be the third derivative of o**5/60 - o**4/6 + 2*o**3/3 - o**2. Let l = 452 - 449. Give g(l).
1
Let n(m) be the third derivative of m**8/6720 + m**7/1260 - m**6/180 - m**5/60 + m**4/3 + 28*m**2. Let i(l) be the second derivative of n(l). Determine i(-3).
1
Let x(h) be the second derivative of h**4/6 - 5*h**3/6 + 3*h**2 + 355*h. What is x(4)?
18
Let m = 753 + -753. Let h(x) = x**3 - x + 13. Give h(m).
13
Suppose -5*i + 8*i + 15 = 0, -5*d + 95 = 4*i. Suppose -j = -15 + d. Let b(r) = -r**3 - 9*r**2 - 8*r - 1. What is b(j)?
-1
Let q(d) = -4*d**3 + 25*d**2 + 4*d + 8. Let n(y) = -7*y**3 + 42*y**2 + 7*y + 15. Let c(b) = -3*n(b) + 5*q(b). Calculate c(0).
-5
Let g = 3 + 2. Suppose 3*f = g*v - 1 - 15, 0 = -v - f. Let i(m) = -5 + 4 - m**v + 17*m - 25*m. Determine i(-6).
11
Let k(u) be the first derivative of u**3/3 - 13*u**2/2 + 21*u - 260. Give k(11).
-1
Suppose -2*w + 4*m = 2, -2*w + 0*m + 2*m + 2 = 0. Let y(r) = -2*r - 4. Let p be 102/30 + (-1)/(15/6). Let v(o) = -1. Let f(a) = p*v(a) - y(a). Determine f(w).
7
Suppose 0 = q + 6*q + 14. Let s be (-2)/(-4)*(0 - q). Let w(k) = -11*k**2 + 1. Determine w(s).
-10
Let m(r) = -r**3 - 11*r**2 + 4*r - 6. Let j(h) = h**3 + 14*h**2 - 5*h + 7. Let o(l) = -4*j(l) - 5*m(l). Let i = -7 + 10. What is o(i)?
20
Let q(p) be the second derivative of -13*p**3/6 - 8*p. Let m(v) = -v**2 - 6*v + 8. Let x be m(-7). Let w be (-5)/5 - 0/x. Give q(w).
13
Let h = 1004 - 1010. Let g(q) = 3*q + 20. Calculate g(h).
2
Let s = 46 + -44. Let j(u) = 6*u - 7*u**2 - 11*u + 11*u**s - u**3 + 1. What is j(4)?
-19
Let t(f) = f**3 + 5*f - 2*f - 3*f**2 + 734 - 733. Determine t(3).
10
Let f(i) = i**2 + 6*i + 3. Let y(d) = 2*d**3 - 4*d**2 + d + 2. Let j be y(2). Suppose -19 = s - 4*n, -3*s - 4*n = -5*n + 2. Suppose -z = j + s. Give f(z).
-2
Suppose -5*l + 4*c = -26, -2*c = -5*l - 10 + 28. Let m(d) = -213*d**2 - 204*d**2 - d**3 + 1 + 419*d**2. What is m(l)?
1
Let l(j) = j**2 - j - 1. Let n be 12/(-1)*12/(-16). Let d be (-3)/n - 35/(-15). Determine l(d).
1
Let g = -14 + 43. Suppose -c = -2*c - 31. Let k = c + g. Let a(b) = 2*b - 2. Give a(k).
-6
Let u(k) = 7*k. Suppose -32 = -a + 23. Let c = a + -54. Determine u(c).
7
Let n(t) = -584 + 3*t - 576 - t**2 + 1159. Calculate n(2).
1
Let c(f) be the third derivative of -f**6/120 - f**5/15 + f**4/24 - f**3/3 - 30*f**2 - 4*f. What is c(-3)?
-14
Let s(g) = -1 + 3*g + 0 - 2*g. Let d be (1*2)/((-47)/(-141)). Determine s(d).
5
Let f(g) = 7*g**3 - 7*g**2 + 8*g. Let a(u) = -8*u**3 + 9*u**2 - 9*u - 1. Let w(y) = -6*a(y) - 7*f(y). Calculate w(-5).
16
Suppose -4*p + 9 = -f, -21 = -2*f - 2*f - 3*p. Let y be f*-2*3/18. Let x(a) be the third derivative of a**4/2 + a**3/6 + 3*a**2. Calculate x(y).
-11
Suppose -3 = -r - 0. Let i(o) be the third derivative of 0 + 1/3*o**3 + 1/12*o**5 - 10*o**2 - 5/24*o**4 - 1/120*o**6 + 0*o. Determine i(r).
5
Let h(d) = -5*d**3 - 8*d**2 - 12*d - 4. Let s(v) = -7*v**3 - 7*v**2 - 13*v - 4. Let m(g) = 3*h(g) - 2*s(g). Give m(-9).
5
Let h be (-10)/(-30)*6*3. Let o(r) = -r**2 + 7*r - 9. Give o(h).
-3
Let y(z) = 48318*z - 2 + 2*z**2 - 48294*z + 0*z**2. Determine y(-12).
-2
Let r(b) = 3*b - 41. Let x = 624 - 610. Give r(x).
1
Let b be (7 - (-189)/(-28))*-20. Let o(k) = -2*k + 4. Determine o(b).
14
Let n(p) = 2*p**2 + p + 1. Suppose -o = -6*o - 10. Let m be (o - 2)*(-2)/8. Suppose k + 0*k + m = 0. What is n(k)?
2
Let r = -74 + 74. Let l(b) be the second derivative of 4*b + 1/20*b**5 - 5/12*b**4 + 5/6*b**3 + 1/2*b**2 + r. Give l(4).
5
Let l(p) = -p + 6. Let f(s) = s**3 - 3*s**2 - 4*s + 2. Let i be f(-2). Let a(h) = h**2 + 11*h + 14. Let k be a(i). Give l(k).
2
Let g(b) = -b + 6. Let a be (729/(-162))/((9/(-4))/(-3)). Determine g(a).
12
Let p(m) = m**3 - 9*m**2 + 13*m + 4. Suppose 0 = -35*c + 178 + 67. Determine p(c).
-3
Let w(j) = -j**2 + j. Let i be w(2). Let u(x) = -4*x**2 - 4*x + 400 - 205 - 198 - x**3. Calculate u(i).
-3
Let o(a) = -a**2 + a. Suppose 0*q - q + x + 14 = 0, 0 = -q + 5*x + 34. Let v(t) = t - 9. Let d be v(q). Let u be d/(-6 + 1 + 3). Give o(u).
0
Let b = -142 + 145. Suppose 0 = 2*c + 3*c. Let k(r) = 0*r - 2*r + 1 + c. What is k(b)?
-5
Let c(j) = j**2 + 6*j + 3. Let i be c(0). Let m(q) = 0*q**3 - i*q**2 - 5 + 0*q**3 - 4*q - q**2 + q**3. Calculate m(5).
0
Let d(t) = -t**3 - t**2 + 5*t + 3. Let h(b) be the first derivative of -3*b**2/2 + 3*b + 7. Suppose 2 = 2*g - 2. Let p be h(g). What is d(p)?
6
Let m(c) be the second derivative of -c**7/840 - c**6/120 + c**5/30 - c**4/12 - 8*c**3/3 + 5*c. Let n(t) be the second derivative of m(t). Determine n(-4).
-2
Let k(d) = d**2 - d - 1. Let l be k(0). Let w(t) be the first derivative of -3*t**2/2 + t - 15. Give w(l).
4
Let m(d) = -d**3 - 8*d**2 - 3*d - 12. Suppose -4*u = -3*l - 24, -2*l + 4*u = 25 - 9. Determine m(l).
12
Let n(i) be the third derivative of 0 - 1/24*i**4 + 2*i**2 + 0*i - 1/6*i**3. Let h be 6 - 2 - (-32)/(-4). Give n(h).
3
Let d(u) be the first derivative of -3*u**2 + 258. What is d(6)?
-36
Let f(j) be the second derivative of -5*j**4/8 - 17*j**2 - 33*j. Let k(l) be the first derivative of f(l). Calculate k(-1).
15
Let i(a) be the second derivative of -a**4/4 + a**3/2 - 3*a**2/2 - 5*a - 44. Calculate i(3).
-21
Let z(a) be the second derivative of -a**3/6 - 2*a**2 + 118*a. Determine z(-10).
6
Let w(z) = -z**2 + 5*z + 1. Suppose -4*m + 5*c - 18 + 13 = 0, -5*m + 40 = 3*c. Calculate w(m).
1
Let p(k) = k**3 - 2*k**2. Let h(s) = 5*s**3 - 8*s**2 + 4. Let t(j) = -h(j) + 4*p(j). Give t(-2).
4
Let n(r) = -r**2 + 2*r + 2. Let h(y) = y**3 + y**2 - y + 2. Let k be h(-2). Let l be n(k). Let z(u) = -u**3 + 5*u**2 - 2. Determine z(l).
10
Let i(g) = -1 + 1 - 1 - 6*g + 4 - 2. What is i(-1)?
7
Let m(r) = -13*r**3 - r**2 + r - 1. Suppose 5*g + 26 = 31. Calculate m(g).
-14
Let i(c) be the second derivative of -c**4/12 - c**3/2 + 3*c**2/2 - 4*c. Suppose -3*q = -q + 12. Determine i(q).
-15
Let g(s) be the second derivative of s**4/12 + s**3/6 - s**2 - s. Suppose -2*c + 1 + 9 = 0. Suppose -12*d - 21 = -c*d. Determine g(d).
4
Suppose 0 = -0*f - 4*f - 4*w + 40, 0 = -2*f - w + 15. Let x(z) = -f + z**2 - 3*z + 5. Let u be 54/216*(13 - -3). Calculate x(u).
4
Let q(i) = -9*i**3 - 2*i**2 + 1. Suppose -2 - 1 = c, -5*k + 50 = 5*c. Let b = k + -14. Let a(x) = -2*x - 1. Let j be a(b). Calculate q(j).
-10
Let m(u) = u + 9. Let o(a) = a + 9. Let k(z) = -4*m(z) + 5*o(z). Let d = -47 + 41. Calculate k(d).
3
Suppose -2*v + 51 = 45. Let f(k) = -k**2 + 3*k + 2. What is f(v)?
2
Let n(v) = -v**2 + 5*v - 9. Suppose -3*d - 4*z - 11 + 23 = 0, 0 = -z. What is n(d)?
-5
Suppose -9*x + 7*x = 0. Let b(v) = 17*v + 8*v**2 - 9*v**2 - 6 - 16*v. Determine b(x).
-6
Suppose 2*b - 2*n + 16 = 0, n = 3*b - 7*b - 27. Let m(y) = -y**2 - 10*y - 7. Determine m(